
Is 81469 prime?
False
Is 15121 a composite number?
False
Is 4493 composite?
False
Is 277813 composite?
False
Is 877337 prime?
False
Is 47339 a composite number?
False
Is 15017 composite?
False
Is 442439 composite?
False
Is 5039 a prime number?
True
Is 15091 a composite number?
False
Is 444701 prime?
True
Is 274049 a prime number?
False
Is 560419 prime?
False
Is 46133 prime?
True
Is 1672207 composite?
True
Is 54767 prime?
True
Is 43223 a prime number?
True
Is 54958 composite?
True
Is 70423 a composite number?
False
Is 154051 prime?
False
Is 268573 a prime number?
True
Is 39499 composite?
False
Is 15089 composite?
True
Is 40181 a prime number?
False
Is 7499 prime?
True
Is 86813 composite?
False
Is 9917 a prime number?
False
Is 956843 composite?
False
Is 7769 a composite number?
True
Is 31957 a prime number?
True
Is 1726531 a prime number?
False
Is 22469 prime?
True
Is 35569 a prime number?
True
Is 108233 a prime number?
True
Is 947723 a prime number?
False
Is 345194 a composite number?
True
Is 33661 prime?
False
Is 370001 a prime number?
False
Is 86503 composite?
True
Is 319481 a prime number?
False
Is 1543 composite?
False
Is 141251 prime?
False
Is 20573 prime?
False
Is 428317 composite?
True
Is 12443 prime?
False
Is 648757 composite?
True
Is 2705 prime?
False
Is 28429 a composite number?
False
Is 831583 prime?
True
Is 2609 prime?
True
Is 2320729 a prime number?
True
Is 169003 prime?
True
Is 9094 a composite number?
True
Is 1769 prime?
False
Is 291929 a composite number?
True
Is 93683 a composite number?
False
Is 10831 a prime number?
True
Is 1284737 a composite number?
False
Is 34031 composite?
False
Is 83887 a composite number?
True
Is 137245 composite?
True
Is 805591 a composite number?
True
Is 5227 composite?
False
Is 4471 a composite number?
True
Is 168227 a composite number?
False
Is 67879 prime?
False
Is 5399 a composite number?
False
Is 106523 prime?
False
Is 1878649 prime?
False
Is 1080061 prime?
False
Is 2701571 prime?
True
Is 42149 composite?
True
Is 10903 composite?
False
Is 34753 a composite number?
True
Is 15469 a prime number?
False
Is 293491 prime?
False
Is 2819 a prime number?
True
Is 188957 a composite number?
False
Is 2333 prime?
True
Is 387431 a composite number?
True
Is 109741 prime?
True
Is 177407 a prime number?
False
Is 3718021 prime?
True
Is 3833 composite?
False
Is 2144389 prime?
False
Is 10637 prime?
False
Is 1889149 composite?
True
Is 15627 prime?
False
Is 2048801 prime?
False
Is 4711 prime?
False
Is 34647 a composite number?
True
Is 338423 a prime number?
True
Is 3742201 prime?
True
Is 2397733 composite?
True
Is 126307 a prime number?
True
Is 2435 composite?
True
Is 185359 a prime number?
True
Is 362443 a prime number?
True
Is 3142 composite?
True
Is 659453 composite?
False
Is 203 a prime number?
False
Is 3036093 prime?
False
Is 1923 a prime number?
False
Is 399377 a prime number?
False
Is 1147537 a composite number?
True
Is 309559 a prime number?
True
Is 30029 a prime number?
True
Is 90133 composite?
True
Is 221251 prime?
True
Is 31781 a prime number?
False
Is 126887 a composite number?
True
Is 12569 prime?
True
Is 56843 a composite number?
False
Is 141595 a prime number?
False
Is 2998291 prime?
True
Is 40371 composite?
True
Is 78794 composite?
True
Is 249943 a prime number?
True
Is 22051 prime?
True
Is 2498 a prime number?
False
Is 1117 a composite number?
False
Is 12473 composite?
False
Is 129571 prime?
False
Is 5809 a prime number?
False
Is 592741 a composite number?
False
Is 39297 a prime number?
False
Is 121123 composite?
False
Is 5251 a composite number?
True
Is 6389 prime?
True
Is 12883 composite?
True
Is 14401 a composite number?
False
Is 32839 a composite number?
False
Is 83497 composite?
False
Is 179983 prime?
False
Is 226069 composite?
True
Is 4091 composite?
False
Is 598771 prime?
False
Is 41141 a composite number?
False
Is 1678 prime?
False
Is 722273 prime?
True
Is 24627 prime?
False
Is 397799 prime?
True
Is 48115 prime?
False
Is 3707719 a composite number?
False
Is 43391 a prime number?
True
Is 25223 a prime number?
False
Is 217091 prime?
False
Is 199657 a prime number?
True
Is 33679 prime?
True
Is 190471 a composite number?
False
Is 7639 prime?
True
Is 68729 prime?
True
Is 1237783 a composite number?
False
Is 816117 a prime number?
False
Is 60595 prime?
False
Is 542611 a prime number?
False
Is 11337 a composite number?
True
Is 18077 a prime number?
True
Is 10645 a composite number?
True
Is 4357 a composite number?
False
Is 48449 a prime number?
True
Is 25481 prime?
False
Is 46751 composite?
False
Is 39791 composite?
False
Is 3611 prime?
False
Is 67717 prime?
False
Is 86669 prime?
False
Is 3425243 a prime number?
True
Is 34603 a prime number?
True
Is 14671 a composite number?
True
Is 467 composite?
False
Is 465397 prime?
False
Is 5006 composite?
True
Is 13523 a composite number?
False
Is 14371 composite?
True
Is 147607 composite?
False
Is 6914 composite?
True
Is 42259 a composite number?
True
Is 4481 a composite number?
False
Is 69351 composite?
True
Is 2257289 composite?
True
Is 54193 a composite number?
False
Is 22233 composite?
True
Is 58726 prime?
False
Is 297049 prime?
True
Is 7393 a prime number?
True
Is 10831 a prime number?
True
Is 2071543 a composite number?
False
Is 90962 prime?
False
Is 1796131 a prime number?
True
Is 26711 composite?
False
Is 80387 composite?
False
Is 191299 composite?
False
Is 66479 a composite number?
True
Is 274233 a prime number?
False
Is 292549 a composite number?
False
Is 27926 a prime number?
False
Is 209939 prime?
True
Is 9587 prime?
True
Is 642646 a prime number?
False
Is 1272727 a prime number?
False
Is 160309 a prime number?
True
Is 27673 a composite number?
False
Is 842867 a prime number?
False
Is 75611 composite?
False
Is 3943 a prime number?
True
Is 97693 a composite number?
True
Is 291079 a prime number?
False
Is 758 a composite number?
True
Is 628781 prime?
True
Is 12049 a prime number?
True
Is 8501 composite?
False
Is 911 a composite number?
False
Is 434237 prime?
True
Is 1711167 composite?
True
Is 2513327 a prime number?
True
Is 40627 a composite number?
False
Is 93593 a prime number?
False
Is 8453 prime?
False
Is 847727 a prime number?
True
Is 31687 a prime number?
True
Is 196411 a prime number?
False
Is 2701 prime?
False
Is 98171 prime?
False
Is 13571 prime?
False
Is 148921 composite?
False
Is 307451 prime?
True
Is 189413 prime?
False
Is 495761 a prime number?
False
Is 1887905 prime?
False
Is 158419 a composite number?
False
Is 861347 prime?
True
Is 4861 prime?
True
Is 14401 a prime number?
True
Is 127343 a prime number?
True
Is 214813 a composite number?
True
Is 242713 a prime number?
True
Is 91659 a prime number?
False
Is 4987 a composite number?
False
Is 20597 a prime number?
False
Is 36443 composite?
True
Is 52667 composite?
False
Is 257 a prime number?
True
Is 159073 a prime number?
True
Is 9257 a prime number?
True
Is 6383 a prime number?
False
Is 108631 composite?
False
Is 4751 a composite number?
False
Is 40007 a composite number?
True
Is 5347 a prime number?
True
Is 1657 composite?
False
Is 12713 composite?
False
Is 19739 a prime number?
True
Is 632559 a prime number?
False
Is 5667 a composite number?
True
Is 68377 composite?
True
Is 44329 composite?
True
Is 57173 composite?
False
Is 549533 a prime number?
True
Is 303157 composite?
False
Is 439961 composite?
False
Is 149857 a prime number?
False
Is 6457 prime?
False
Is 16477 composite?
False
Is 55157 prime?
False
Is 1048867 composite?
False
Is 1337 prime?
False
Is 130481 prime?
False
Is 43213 a prime number?
False
Is 240965 a composite number?
True
Is 954931 composite?
True
Is 424313 composite?
False
Is 16087 a composite number?
False
Is 188169 a composite number?
True
Is 51109 a composite number?
False
Is 27865 a composite number?
True
Is 564871 a composite number?
False
Is 35521 a composite number?
False
Is 745409 prime?
False
Is 96553 prime?
True
Is 215283 prime?
False
Is 5383 a composite number?
True
Is 286813 a prime number?
True
Is 31973 a composite number?
False
Is 3553601 a composite number?
False
Is 779507 composite?
False
Is 3883 prime?
False
Is 1276103 prime?
True
Is 220651 composite?
True
Is 142583 a composite number?
True
Is 397253 prime?
True
Is 12739 a prime number?
True
Is